{"id":258,"date":"2025-08-18T20:43:21","date_gmt":"2025-08-18T20:43:21","guid":{"rendered":"https:\/\/www.provaspecialities.com\/?page_id=258"},"modified":"2025-08-18T20:46:58","modified_gmt":"2025-08-18T20:46:58","slug":"o-nas","status":"publish","type":"page","link":"https:\/\/www.provaspecialities.com\/?page_id=258","title":{"rendered":"O nas"},"content":{"rendered":"\t\t<div data-elementor-type=\"wp-page\" data-elementor-id=\"258\" class=\"elementor elementor-258\">\n\t\t\t\t<div class=\"elementor-element elementor-element-442b0932 e-flex e-con-boxed e-con e-parent\" data-id=\"442b0932\" data-element_type=\"container\">\n\t\t\t\t\t<div class=\"e-con-inner\">\n\t\t<div class=\"elementor-element elementor-element-487cff47 e-con-full e-flex e-con e-child\" data-id=\"487cff47\" data-element_type=\"container\">\n\t\t\t\t<div class=\"elementor-element elementor-element-21a4c513 elementor-widget elementor-widget-image\" data-id=\"21a4c513\" data-element_type=\"widget\" data-widget_type=\"image.default\">\n\t\t\t\t<div class=\"elementor-widget-container\">\n\t\t\t\t\t\t\t\t\t\t\t\t\t\t\t<img fetchpriority=\"high\" decoding=\"async\" width=\"800\" height=\"534\" src=\"https:\/\/www.provaspecialities.com\/wp-content\/uploads\/2025\/08\/ChatGPT-Image-17-sie-2025-22_25_01-1024x683.png\" class=\"attachment-large size-large wp-image-199\" alt=\"\" srcset=\"https:\/\/www.provaspecialities.com\/wp-content\/uploads\/2025\/08\/ChatGPT-Image-17-sie-2025-22_25_01-1024x683.png 1024w, https:\/\/www.provaspecialities.com\/wp-content\/uploads\/2025\/08\/ChatGPT-Image-17-sie-2025-22_25_01-300x200.png 300w, https:\/\/www.provaspecialities.com\/wp-content\/uploads\/2025\/08\/ChatGPT-Image-17-sie-2025-22_25_01-768x512.png 768w, https:\/\/www.provaspecialities.com\/wp-content\/uploads\/2025\/08\/ChatGPT-Image-17-sie-2025-22_25_01.png 1536w\" sizes=\"(max-width: 800px) 100vw, 800px\" \/>\t\t\t\t\t\t\t\t\t\t\t\t\t\t\t<\/div>\n\t\t\t\t<\/div>\n\t\t\t\t<\/div>\n\t\t<div class=\"elementor-element elementor-element-717b17e3 e-con-full e-flex e-con e-child\" data-id=\"717b17e3\" data-element_type=\"container\">\n\t\t\t\t<div class=\"elementor-element elementor-element-69ecba55 elementor-widget elementor-widget-heading\" data-id=\"69ecba55\" data-element_type=\"widget\" data-widget_type=\"heading.default\">\n\t\t\t\t<div class=\"elementor-widget-container\">\n\t\t\t\t\t<h3 class=\"elementor-heading-title elementor-size-default\">Prova Specialities<\/h3>\t\t\t\t<\/div>\n\t\t\t\t<\/div>\n\t\t\t\t<div class=\"elementor-element elementor-element-7ffc235c elementor-widget elementor-widget-text-editor\" data-id=\"7ffc235c\" data-element_type=\"widget\" data-widget_type=\"text-editor.default\">\n\t\t\t\t<div class=\"elementor-widget-container\">\n\t\t\t\t\t\t\t\t\t<p class=\"\" data-start=\"108\" data-end=\"355\">Z pasji do perfekcji i wiedzy rodz\u0105 si\u0119 najlepsze rozwi\u0105zania. Tak w\u0142a\u015bnie powsta\u0142a nasza marka \u2013 z unikalnego po\u0142\u0105czenia do\u015bwiadczenia profesjonalnego detailera i wiedzy chemika specjalizuj\u0105cego si\u0119 w tworzeniu zaawansowanych pow\u0142ok ochronnych.<\/p><p class=\"\" data-start=\"357\" data-end=\"597\">Widzieli\u015bmy, jak wiele produkt\u00f3w na rynku nie spe\u0142nia oczekiwa\u0144 \u2013 dlatego postanowili\u015bmy stworzy\u0107 w\u0142asne. Nasze formu\u0142y to efekt setek godzin test\u00f3w, dopracowywania detali i realnych potrzeb ludzi, kt\u00f3rzy codziennie pracuj\u0105 z samochodami.<\/p><p class=\"\" data-start=\"810\" data-end=\"859\">Nowa generacja ochrony zaczyna si\u0119 w\u0142a\u015bnie tutaj.<\/p>\t\t\t\t\t\t\t\t<\/div>\n\t\t\t\t<\/div>\n\t\t\t\t<\/div>\n\t\t\t\t\t<\/div>\n\t\t\t\t<\/div>\n\t\t\t\t<\/div>\n\t\t","protected":false},"excerpt":{"rendered":"<p>Prova Specialities Z pasji do perfekcji i wiedzy rodz\u0105 si\u0119 najlepsze rozwi\u0105zania. Tak w\u0142a\u015bnie powsta\u0142a nasza marka \u2013 z unikalnego po\u0142\u0105czenia do\u015bwiadczenia profesjonalnego detailera i wiedzy chemika specjalizuj\u0105cego si\u0119 w tworzeniu zaawansowanych pow\u0142ok ochronnych. Widzieli\u015bmy, jak wiele produkt\u00f3w na rynku nie spe\u0142nia oczekiwa\u0144 \u2013 dlatego postanowili\u015bmy stworzy\u0107 w\u0142asne. Nasze formu\u0142y to efekt setek godzin test\u00f3w, dopracowywania detali i realnych potrzeb ludzi, kt\u00f3rzy codziennie pracuj\u0105 z samochodami. Nowa generacja ochrony zaczyna si\u0119 w\u0142a\u015bnie tutaj.<\/p>\n","protected":false},"author":2,"featured_media":0,"parent":0,"menu_order":0,"comment_status":"closed","ping_status":"closed","template":"","meta":{"footnotes":""},"class_list":["post-258","page","type-page","status-publish"],"_links":{"self":[{"href":"https:\/\/www.provaspecialities.com\/index.php?rest_route=\/wp\/v2\/pages\/258","targetHints":{"allow":["GET"]}}],"collection":[{"href":"https:\/\/www.provaspecialities.com\/index.php?rest_route=\/wp\/v2\/pages"}],"about":[{"href":"https:\/\/www.provaspecialities.com\/index.php?rest_route=\/wp\/v2\/types\/page"}],"author":[{"embeddable":true,"href":"https:\/\/www.provaspecialities.com\/index.php?rest_route=\/wp\/v2\/users\/2"}],"replies":[{"embeddable":true,"href":"https:\/\/www.provaspecialities.com\/index.php?rest_route=%2Fwp%2Fv2%2Fcomments&post=258"}],"version-history":[{"count":4,"href":"https:\/\/www.provaspecialities.com\/index.php?rest_route=\/wp\/v2\/pages\/258\/revisions"}],"predecessor-version":[{"id":270,"href":"https:\/\/www.provaspecialities.com\/index.php?rest_route=\/wp\/v2\/pages\/258\/revisions\/270"}],"wp:attachment":[{"href":"https:\/\/www.provaspecialities.com\/index.php?rest_route=%2Fwp%2Fv2%2Fmedia&parent=258"}],"curies":[{"name":"wp","href":"https:\/\/api.w.org\/{rel}","templated":true}]}}